(-308)/26)/1 - 112/728. Is g(t) composite?
False
Let r be 9 + -3 + 132/(-22). Suppose -5*x - q + 148942 = r, -x = -q - 9423 - 20369. Is x composite?
False
Suppose 3*a + 28397 = l, -4*l + 4*a = -60996 - 52608. Is l composite?
False
Let y = 19327 - 10953. Let g = y + -5853. Is g prime?
True
Suppose 20*j = -49*j - 7*j + 42231452. Is j prime?
True
Suppose -4*v = d - 633168, -4*v = -5*d + 83054 - 716198. Suppose -37*l + 44*l - v = 0. Is l composite?
False
Let y(i) be the second derivative of -i**5/4 - i**4/12 - i**3/6 + 19*i. Let w be y(-1). Suppose 0 = -w*d + 342 - 67. Is d a composite number?
True
Let a(i) = 15*i**3 - i**2 - 18*i - 6. Let m be a(10). Is (-28)/70 + m/10 a prime number?
True
Let b be ((-428)/(-321))/(1/3). Let u = 183 + -34. Suppose -3*a = -5*s - u, b*s = 7*a - 3*a - 188. Is a composite?
False
Suppose -4*n + 17 - 7 = w, -n + 8 = 3*w. Let p = 65 - n. Suppose -3*v - p = -300. Is v prime?
True
Suppose 3*k = -5*r + 884714, -8*k - 707752 = -4*r - 4*k. Is r composite?
True
Let x be 1*-115*(-2 + -2)/4. Let v be (-9863)/5 + (-46)/x. Let k = v - -2880. Is k a prime number?
True
Let h(d) = 68*d - 99. Let w(f) = 70*f - 100. Let l(p) = -5*h(p) + 6*w(p). Is l(22) prime?
False
Suppose -18886823 = -33*o - 4717503 + 8345425. Is o a prime number?
False
Let t(f) = -f**2 - 11*f + 1. Let h be t(-9). Suppose 3*y = v + h, -4*v - 15 = y + v. Is (-3 - (-13)/y) + 1947/5 composite?
False
Let f be -1 - 5 - (-12595 + -5). Suppose 9*b = f + 20337. Is b a composite number?
False
Let a be ((-24)/(-16))/((-3)/(-4)). Let n be (a + 3)/((18/8)/9). Is 12/n - (-642)/5 a composite number?
True
Let h(b) = 12*b + 170. Let l be h(-14). Suppose 2*q = 5*q - 4*s - 7937, -l*s = -2. Is q prime?
True
Suppose 15*y - 719932 = 11*y - 0*y. Is y composite?
True
Suppose 2*x - 967754 = -4*p, -4*x - 4*x = -2*p - 3871106. Is x a prime number?
False
Suppose -5*k = 3*x - 237403, -40065 = -x - 2*k + 39068. Is x composite?
True
Let v(r) = 13*r - 45. Let l be (-1 - 0) + 6 + -1. Let q be v(l). Suppose -1697 = q*h - 24608. Is h composite?
True
Is (8526/490)/((-2)/((-35540)/6)) prime?
False
Let q = 8713 + -3336. Suppose -25*d + 24*d + q = 0. Is d prime?
False
Let a be 2 + -2 + -660 - -2. Let h be ((-4)/(3 - 11))/((-1)/a). Suppose -2*b + 169 = -d, -d = -2*b + 6*b - h. Is b a prime number?
True
Let y be (-63)/(-35)*(-5)/(-3). Suppose 4*p + f - 7476 = 6*f, 0 = y*p - 2*f - 5614. Is p a composite number?
True
Let r = 1727 + 990. Suppose -10*m = -37329 - 3151. Suppose m + r = 3*f + 4*q, 2*f - 4*q = 4490. Is f a composite number?
False
Let o(i) = -1087*i**2 + 2*i + 221*i**2 - 6*i - 341*i**2. Let l be o(4). Is -5 + l/(-24) + 8/(-6) a composite number?
True
Suppose 50*s - 23892087 + 192937 = 0. Is s composite?
True
Suppose -91033*p + 91056*p - 14642099 = 0. Is p composite?
False
Let s(w) = 8*w**3 + 4*w**2 + 6*w + 35. Let q be s(9). Suppose 0 = -2*b - 2, 4*b - 536 = -5*z + q. Is z a prime number?
False
Suppose 2 = -0*x + 2*x. Let w(z) = z**3 + z**2. Let u(r) = 802*r**3 + 4*r**2 + r. Let p(t) = u(t) - 4*w(t). Is p(x) composite?
True
Let r(h) = -h**3 + 2*h**2 + h + 3. Let m be r(2). Suppose 2*b - 1643 = m*f + 16739, 0 = 5*b - f - 45909. Is b composite?
False
Let a be -42 + 37 + (4 - (2 + 0)). Is (-4)/(-18) - (a + 14960/(-72)) composite?
False
Suppose 47*n - 28345564 = -9*n + 11266428. Is n prime?
False
Suppose -6320067 = 35*z - 48*z. Is z a composite number?
True
Suppose 0 = -4*q + 37 - 25. Suppose m + 106 = q*a - 80, a - 46 = -5*m. Let o = 358 + a. Is o a prime number?
True
Let f(g) = -32957*g**3 + 3*g**2 - 86*g - 89. Is f(-1) a prime number?
True
Let l = -8074 - -8070. Let p(c) = 131*c**3 - c**2 + 8*c + 15. Let q(y) = -66*y**3 - 4*y - 8. Let z(d) = -3*p(d) - 5*q(d). Is z(l) a prime number?
True
Let k(n) = -n**2 - 16*n - 10. Let y be k(-15). Suppose -7*u = 5*h - 6*u - 23608, -y*h = -u - 23602. Is h a prime number?
True
Let d = 41155 - 24144. Is d composite?
False
Let q = -22259 - -89168. Is q prime?
False
Let g(q) = -13*q**3 + 21*q**2 + 49*q + 140. Is g(-15) prime?
False
Suppose 9 = 6*s - 21. Suppose 2*r = s*y + 40416, 76462 = 3*r - 5*y + 15843. Is r composite?
True
Let c = -11329 + 26057. Suppose -1788 = 4*r - c. Is r composite?
True
Let x be 5 + -8 + -2 + 6. Let y = 626 + -921. Is (17 - 17)*x/(-3) - y a prime number?
False
Suppose 5*b - 2*x = 1858095, -619*x - 1114866 = -3*b - 616*x. Is b composite?
False
Let d = -39 - -7. Let r be 1 + -1 - d/8. Suppose -r*m = -16, y + 2*m - 642 = -y. Is y a prime number?
True
Let f = 64 + -62. Suppose -456 = -f*w + 986. Is w prime?
False
Suppose 0 = 16*w - 44*w + 508206 + 16361150. Is w a prime number?
True
Let p(t) be the second derivative of 154*t**4/3 + t**3/3 + 3*t**2/2 - 43*t + 2. Is p(-2) a prime number?
False
Let x be 136/(-10) + (-6)/15. Let y(w) be the second derivative of 4*w**4/3 - w**3/2 + 25*w**2/2 - 376*w. Is y(x) a composite number?
False
Suppose 4*a = -5*j + 46, 0 = 4*a + 4*j - 51 + 3. Suppose -a*k = -184647 - 164051. Is k prime?
True
Let k(d) = 808*d + 14. Let n be (-2)/((-2)/2*1). Let o be k(n). Suppose 0 = 2*c + 3*c - o. Is c a prime number?
False
Suppose -16*w + 93*w = 8885723. Is w a composite number?
False
Let a = 30 - 27. Suppose a*f = -6 + 15. Suppose -153 = -f*t + 2*i - 5*i, 4*t + i = 189. Is t prime?
False
Let q(s) be the second derivative of -29*s**5/10 - s**4/12 - 2*s**3/3 - s**2/2 + 6*s. Let d be (-18)/63*(5 - -2). Is q(d) composite?
False
Let c(t) = -5*t - 20. Let u be c(-6). Let k = u - 11. Is ((-1402)/k)/(-1 - -3) composite?
False
Let p be (-6)/9 - ((-168)/(-9))/8. Is 79 - -11947 - (p - (1 + -1)) prime?
False
Suppose -21354960 = -90*v + 6678956 + 235714. Is v a composite number?
False
Suppose -1667085 = -72*f + 3260379. Is f composite?
False
Suppose -4*c - 85 = 35. Let g = 30 + c. Is 0/7 + 3 + g a composite number?
False
Let u(k) = 2*k**3 - 4*k**2 - k + 7. Let m be u(2). Suppose 3*n + 348 = -t + 2531, -m*t - 4*n + 10882 = 0. Is t a prime number?
False
Is 2123982/20 + (45/120)/(45/(-12)) prime?
False
Let w(t) = 25831*t - 1069. Is w(12) prime?
False
Suppose 66*w - 593839 - 1938735 = 4346012. Is w a prime number?
False
Suppose 5*i - p - 228691 = 0, -2*i + 51883 = p - 39599. Is i composite?
True
Let d = -29 - -32. Let z be (-2)/4*(d - 3). Suppose z = -h - 9*h + 830. Is h a prime number?
True
Suppose 0 = 4*j + 20, -2*p + 0*p - 25 = 5*j. Suppose p = -2*s - 2*s + 16. Suppose -s*a = -2*q + 3026, -4*a + 1514 = q - 7*a. Is q prime?
True
Let c(p) = -3*p - 10. Let w be c(-9). Is 59*w + 16/(5 + -1) composite?
True
Let w be 29 + -20 - (1 + -3). Suppose -4*i - 21623 = -w*i. Is i prime?
True
Suppose -201*q + 22338510 = -98*q - 73*q. Is q composite?
True
Suppose 0 = -4*h - 11 + 23. Suppose -2*i + 124880 = h*f, -3*i = 2*f - 0*f - 83260. Is 4/(-14) - f/(-56) prime?
True
Let u(a) = -8*a - 14*a + 11*a + 3*a**2 - a**2. Let o be u(6). Suppose o*l - 1631 = -125. Is l a prime number?
True
Let w = 147864 - 31633. Is w a composite number?
True
Let r = -10 - -9. Let t be (r + 15 - 2)/2. Suppose 0*h - t*h + 1614 = 0. Is h composite?
False
Suppose -2*g + 1237 = -5*t + g, -4*t - 3*g = 995. Let x = t - -458. Suppose -1702 + x = -4*q. Is q composite?
False
Let y be (1/(-1) - 11)/((-156)/(-14872)). Let n = 2085 + y. Is n composite?
False
Let t = 3 + -13. Let i be (0/(-3) - -2732)*5/t. Is 2/(-1)*i/4 prime?
True
Is 1950/8*11698 + 172/8 + -18 a prime number?
True
Let z be (-2)/6 + 84/36. Suppose 3*j + j - k = 4, -5*j + 3*k = z. Suppose b = j*l - 3927, -3*b - 23 = -l + 1953. Is l a composite number?
True
Suppose -2*h + 8 = t, -4*t + 2*t + 4*h = 8. Let y(w) = 19*w**3 - 9*w**t - 7 + 22*w - 15 + 23 - 10. Is y(4) composite?
False
Let c = -126795 - -486692. Is c a composite number?
False
Let f be -335*(54/(-10) - -6). Let u = f + 788. Is u composite?
False
Let j = 604408 + -376475. Is j composite?
True
Suppose 340*f - 43461 = 331*f. Is f a prime number?
False
Suppose 2*r - 12038 = -4*b, -5*r + 3232 + 26911 = 2*b. Is r composite?
True
Suppose -412992 - 950602 = -5*d + 3*l, 5*d - 1363597 = 4*l. Is d a composite number?
False
Suppose 2*o + 9*l = 7*l + 103884, -4*o - 3*l = -207769. Is o prime?
False
Suppose 0 = -21*b + 76 - 34. Suppose -b*g = 4*p - 6150, p + 3*g - 7*g = 1515. Is p a composite number?
True
Suppose 48 = 4*s + 36. Suppose 3*g + s*o - 2421 = -48, -5*g + 3943 = -o. I